rivative of a**2/2 + 6*a - 3. Let h be l(-5). Let v(x) = -2*x**3 + x - 1. Give v(h).
-2
Let h(y) = -y + 3. Suppose 2*v + 5 = g, -3 = 2*v - 3*g - 0. Determine h(v).
6
Let l = -5 + 3. Let u(h) = 25*h + 2 - 6*h - 4*h - 12*h. What is u(l)?
-4
Let n(k) be the first derivative of -3*k**2/2 - k + 23. Calculate n(2).
-7
Let t(p) = 0*p + p + p**2 + 9*p - 3*p - 3. Suppose 6 = -s - 1. Give t(s).
-3
Let r(f) be the second derivative of f**4/6 + f**3/2 - f**2 + 196*f. Let h = -2 + -1. Determine r(h).
7
Let q(l) = -l**3 - l**2. Suppose -2*j - 2*f = -j + 1, 4*j = -3*f - 24. Let d be 14/(-49) - j/7. What is q(d)?
-2
Let f(c) = c**3 + 2*c**2 - 3*c + 2. Suppose -2*n = -3*j + 21, 0 = -n + 4*n + 3*j - 6. Determine f(n).
2
Let h(k) = k**3 + 4*k**2 - 6*k - 2. Let v(d) = -d**3 + 10*d**2 + 12*d - 16. Let u be v(11). Give h(u).
3
Let d(h) = -11*h**2 + h + 8*h**2 - 8*h**2 - 2*h. Give d(-1).
-10
Let d be (-2*2/4)/((-3)/(-6)). Let t(z) = -2*z**2 - 2. What is t(d)?
-10
Let i(w) = -w**2 + 4*w + 3. Let b = -7 - -16. Let y be ((-2)/(-6))/(1/b). Give i(y).
6
Suppose -i = -2*x + 4, 5*i + 1 = -3*x + 20. Let v(w) = w**2 + 3 + w**2 + w**3 + i*w**2 + 4*w. Let k be (-3 - -2)*1 + -2. Calculate v(k).
0
Suppose 4*h + 8 = -2*r, 4*h - 4 = 6*h - 2*r. Let y = h + -3. Let s(o) be the second derivative of -o**4/12 - 5*o**3/6 + 7*o**2/2 - 3*o. Give s(y).
7
Let p(z) = -z - 2 + 3*z**2 + 2*z + 3. Let w = -14 - -12. Determine p(w).
11
Suppose 6 = -3*z + 4*z. Let d(h) = h**2 - 7*h + 6. Calculate d(z).
0
Let x(l) = l - 6. Let k be x(10). Let c(s) = -k + 0*s - 2*s - 3*s + 7*s. What is c(5)?
6
Let k(s) = -1 + 5*s + s**3 - 2*s**3 + s**2 + 4*s**2. Let w = 17 + -12. Let q(v) = v + 1. Let c be q(w). Give k(c).
-7
Let o(j) = 3*j**2 + 3*j - 1. Let c(b) = -2*b**2 - 3*b + 1. Let t(n) = 4*c(n) + 3*o(n). Suppose 0*r - 28 = -4*r. Suppose -3*m + r = -2. Give t(m).
1
Let f(q) = -3*q + 6. Let p = -49 - -53. Give f(p).
-6
Suppose -7*p = -3*p. Suppose p = 3*r + 6. Let t(w) = -1 + w + 2 + 4*w**2 - 2*w**2 + w. What is t(r)?
5
Let f = 3 + 0. Let y(w) = f - w + 5 - 2 - 1. Determine y(4).
1
Let m(u) = -8*u. Let j(i) = i + 2. Let q be (1/3)/((-1)/(-15)). Let n be j(q). Suppose -2*w + n*w = 5. Determine m(w).
-8
Let o be (((-15)/5)/6)/((-1)/4). Let p(v) = -v + 6. Let b(m) = 1. Let x = -17 - -12. Let c(l) = x*p(l) + 30*b(l). Determine c(o).
10
Let s(o) = -o**2 - 4*o - 2. Let b = 23 + -17. Suppose 3*d + 3 = -b. Give s(d).
1
Let b be (-1)/(-5) + (-14)/(-5). Let k(c) = c**3 + 11*c**2 + 2*c + 26. Let x be k(-11). Let d(q) = -1 - 4 - b*q + x + 2*q. Determine d(4).
-5
Let a(s) = s**2. Let o(y) = 3*y**2 - 2. Let i(r) = -2*a(r) + o(r). Let m be (-4 - (-6 + 4))/1. Give i(m).
2
Let x = 5 + -10. Let t(s) = -s**3 - 6*s**2 - 2*s + 6. Determine t(x).
-9
Let t(k) = 12*k - 11*k - 2*k - 8. Let m(r) = -r + 9. Let s be m(6). Suppose 4 = -s*z - 2, -5*f - 2 = z. Calculate t(f).
-8
Let k(r) = -r**3 + 7*r**2 + 7*r + 2. Let s(u) = 5*u + 13. Let o be s(-1). Determine k(o).
-6
Let h = -7 + 5. Let r(g) = -g**2 - 6*g - 3. Let k be r(h). Let z(p) = p**3 - 5*p**2 + p. Give z(k).
5
Let p(u) = 5*u**2 - 26*u - 21. Let r(j) = -j**2 + 5*j + 4. Let v(q) = -2*p(q) - 11*r(q). Give v(5).
8
Let s(i) = -29 + i - 31 + 86 - 30. What is s(5)?
1
Let s(i) be the first derivative of 0*i - 1/3*i**3 + 0*i**2 - 7/4*i**4 - 3. Determine s(-1).
6
Let z(r) = -5*r + 0*r**2 - r**2 - 7 + 0*r**2. What is z(-6)?
-13
Let n(w) be the second derivative of w**7/840 + w**6/180 - w**5/30 - w**4/24 - w**3/6 - 2*w. Let q(b) be the second derivative of n(b). Give q(-3).
2
Let p(h) = -5*h**2 - 2*h + 1. Let s = 7 + -9. What is p(s)?
-15
Let n(a) = a**2 + 7*a - 5. Let b(j) = -j**2 + j. Let y be b(3). What is n(y)?
-11
Let u(o) = 2*o**2 + 2*o - 2. Suppose -4*v + x = -13, 5*v + x - 7 - 7 = 0. Suppose 0 = -v*f + 6. Suppose -f*z - 6 = -2. What is u(z)?
2
Let p(k) be the third derivative of k**8/20160 - k**7/2520 + k**6/720 - 2*k**5/15 - 2*k**2. Let m(i) be the third derivative of p(i). What is m(1)?
0
Let s(g) be the third derivative of g**6/120 - g**5/15 - g**4/3 + 7*g**3/6 + 17*g**2. What is s(5)?
-8
Let s(l) = -l + 12. Let f(n) = -10*n**3 + 2*n**2 + 2*n + 1. Let g be f(-1). Let q be s(g). Let k(u) = -4*u**3 - 1. Give k(q).
-5
Let h(u) = u**2 - 3*u - 4. Let w(f) = f**2 - 3*f - 6. Let i(v) = 3*h(v) - 2*w(v). Determine i(4).
4
Suppose l = 6*l - 15. Suppose 0*x - x = -l. Let t(o) = -2*o**2 + 0*o + o - x + 1. What is t(2)?
-8
Suppose 3*p = p + 4. Let y(x) = p*x**3 - x**2 + 1 - x**3 + 0*x**3 - x. Let l(z) = -z**3 + 2*z**2 - 1. Let q be l(1). What is y(q)?
1
Let q(b) = -7*b**2 + 7*b + 4. Let k be 5*(28/(-20) + 1). Let h(a) = 3*a**2 - 4*a - 2. Let g(p) = k*q(p) - 5*h(p). Calculate g(6).
2
Let i(c) = -3*c + 3 + 5 - 4 - 1. Determine i(2).
-3
Let r(y) be the first derivative of -y**4/4 + 8*y**3/3 - 7*y**2/2 + y - 49. Determine r(7).
1
Let x(d) be the third derivative of 0*d + 0 + 1/120*d**5 - 1/240*d**6 + 3*d**2 + 0*d**3 - 1/12*d**4. Let c(w) be the second derivative of x(w). What is c(2)?
-5
Let f(h) = -h**2 - 9*h - 9. Suppose 16 = -4*b - 4*w, 1 + 7 = b + 4*w. Calculate f(b).
-1
Let x(m) = -m**2 + 73*m + 3 - 37*m - 34*m. Determine x(-2).
-5
Let i be (-2)/(-11) - 96/44. Let x(s) = -s**2 - 4*s - 3. Let y be x(i). Let n(c) = -c**2 + c - c + y. Determine n(-1).
0
Let v(l) be the first derivative of -4*l**2 - 1/4*l**4 + 7*l + 7/3*l**3 + 3. What is v(6)?
-5
Let f(a) = a**3 + 2*a**2 - 1. Let i be f(3). Let b(j) = -47 + j + i - 3*j. Give b(-3).
3
Let z(c) = -c**3 + 3*c**2 + 3*c. Let o(s) = s**3 + 9*s**2 + 7*s - 4. Let q(r) = -r**3 - 5*r**2 + 7*r - 2. Let b be q(-6). Let k be o(b). Calculate z(k).
-4
Let b(c) = c**2 + c - 4. Let v be b(-3). Let i(j) = 2*j + 4*j**2 - 3 + 2*j - 5*j**v. Let s be -2 - (-1 - 4*1). Give i(s).
0
Let q be ((-4)/(-6))/(2/9). Let g be 10/q*(-3)/(-2). Let x(n) = -n**3 + 4*n**2 - n + 2. Let m(c) = -c**2 - c - 1. Let b(d) = m(d) - x(d). Calculate b(g).
-3
Let a(w) be the third derivative of w**4/24 + 2*w**3/3 - w**2. Let y be 5/(-1)*(0 + -1). Suppose -y = 3*r - 5*k, -4*r - 2*k = 2*k - 4. Calculate a(r).
4
Let l = -10 + 13. Suppose -4*z - 10 = -2*z, 0 = -4*q + l*z - 5. Let a(w) = w**2 + 6*w. Give a(q).
-5
Let o(p) = 3*p**2 + 3*p + 13. Let v(k) = -k**2 - 2*k - 1. Let r(j) = -o(j) - 2*v(j). Calculate r(0).
-11
Let x(z) be the third derivative of z**5/60 - z**4/6 - 5*z**2. Calculate x(4).
0
Let x(u) = u**2 - 6*u. Let q(a) = a**2 - 5*a + 1. Let i(t) = 3*q(t) - 2*x(t). Let b = -6 - -10. What is i(b)?
7
Let x(o) = o - 3. Let v(k) = k**2 + 4*k + 1. Let d be v(-3). Let z(r) = -r + 3. Let p(n) = d*x(n) - 3*z(n). Determine p(3).
0
Suppose 3*j + 0*j - 9 = 0, -4*k = -4*j - 8. Suppose 4*a - h - h = 10, a = -k*h - 3. Suppose -6 = a*v - 2. Let c(t) = 3*t**2 + 3*t + 2. Give c(v).
8
Let d(g) = 3*g - 3*g - g**2 + 2*g + 3. Let a be (-16)/(-20)*(-5)/(-1). What is d(a)?
-5
Let j(w) be the first derivative of -w**2 + 3*w + 10. Determine j(5).
-7
Let r(j) = 2*j**2. Let z be (3/6)/(4/(-8)). Calculate r(z).
2
Let h(p) be the third derivative of p**7/840 - p**6/360 - p**5/120 + 3*p**4/8 + p**3/6 + 4*p**2. Let f(d) be the first derivative of h(d). Calculate f(0).
9
Suppose -w - 10 = -3*k - 5*w, 0 = 4*k - 4*w - 4. Let i(j) be the third derivative of 0*j + 1/8*j**4 - 1/30*j**5 - 1/6*j**3 + 1/120*j**6 + 0 + j**k. Give i(2).
5
Let a be (-12)/6 + (-4)/2. Let n(w) = w**3 - w**2 - 6*w - 7. Let g(q) = -q**2 - 1. Let o(u) = 4*g(u) - n(u). Give o(a).
-5
Let w = -5 - 3. Let f be (w + -2)*(-4)/(-8). Let c(g) = -2*g - 5. Give c(f).
5
Let x(i) be the second derivative of -i**3/6 - i**2/2 + i. Let z(f) = -f**2 + 12*f + 2. Let l(q) = -6*x(q) - z(q). Determine l(6).
4
Let y(u) = -2*u**2 + 3*u - 6. Suppose 0*x + 4*x + 28 = 4*j, -3*j - 2*x + 6 = 0. What is y(j)?
-26
Let t(s) = 3*s**2 + 4*s - 1 + s**3 - 4*s**2 + 8*s**2 + 0*s. What is t(-6)?
11
Let g(i) = i**3 + 5*i**2 - 7*i - 6. Suppose -2*r + 4*r + 48 = 0. Let f = r + 18. Determine g(f).
0
Let u(i) = i**3 - i**2 - i + 1. Let l(v) = 5*v**3 - 6*v**2 - 6*v + 8. Let a(t) = -l(t) + 6*u(t). Suppose 0 = -2*d + 3*d - 2. Give a(d).
6
Let w(u) be the third derivative of -u**4/12 + u**3/2 - 28*u**2 - u. Give w(-6).
15
Suppose -4*c + 57 + 23 = 0. Let p(i) = -c - i + i**2 + 24 - 4*i. Determine p(3).
-2
Let a(q) = q**3 + 4*q**2 - 2*q - 2. Let h(u) = -u + 2. Let f be h(-4). Let w be (-16)/f*6/4. W